ts digit of b(g)?
9
Let s be ((-6)/(108/282))/(2/(-66)). Let v = s + -354. What is the units digit of v?
3
Let w(s) = 2 - 5*s**3 + s - 4 + 3 + 0*s. Let n be w(-1). Suppose 0 = -n*q + q + 76. What is the tens digit of q?
1
Let q = 3 + -5. Let i be q*(-1)/1 - -1. Suppose -i*x + 0*x + 5*f = -34, 5*f - 20 = 0. What is the units digit of x?
8
Let m = -9 + 13. Suppose 5*c = -r + 6*r + 100, -5*c + 97 = -m*r. Suppose -j - 2 = 5*g + 1, 3*j + 2*g = c. What is the units digit of j?
7
Let h(r) = r**3 - 6*r**2 - 9*r + 10. Let z be h(7). Let m be z/6*297/18. Let g(d) = -d**3 - 10*d**2 + 7*d + 1. What is the units digit of g(m)?
5
Let v(i) be the second derivative of -17*i**3/6 - i**2 - 180*i. Suppose -3*x = 3*d - 6, 0 = -6*x + 2*x - 5*d + 13. What is the units digit of v(x)?
9
What is the units digit of 1063/(-2)*(-11 - (-13 - -4))?
3
Suppose 2*s + 14 = 2*t, -2*t + t - s - 3 = 0. Let p = 4 + t. Suppose p*x - 2*x - 20 = 0. What is the units digit of x?
5
Let w = -68 - -68. Suppose w = j - 2*m - 189, 5*m = -3*j + 277 + 334. What is the tens digit of j?
9
Let c = 19 + -15. Suppose -3*z + 117 = -i, 2*i + 134 = c*z - 20. Let h = -7 + z. What is the tens digit of h?
3
Let y(l) = -2*l - 7. Let a be y(6). Let f = a - -32. What is the units digit of f?
3
Let c = 10424 + -6624. What is the tens digit of c?
0
Suppose -15*n + 18*n = 9. Let q(g) be the third derivative of 7*g**4/24 - 2*g**3/3 - g**2. What is the tens digit of q(n)?
1
Suppose 9*p - 4*p - 5945 = 0. What is the tens digit of p?
8
Suppose c + 3*t - 30 = 0, 8 = 2*c + t - 62. Let v = c - 11. What is the units digit of v?
5
Let x be (-8 - -7)/(4/2)*0. Suppose -12*w - 7*w + 285 = x. What is the units digit of w?
5
Let f be 123/6 - (-1)/2. Let i = 9 - f. What is the tens digit of i/(-54) + 259/9?
2
Let a(k) = k**2 + 6*k - 3. Let f = -1 - -3. Suppose -12 = 4*v - 3*m + 8*m, v + 6 = -f*m. What is the units digit of a(v)?
3
Let j = 5 - 18. Let a = j + 8. Let o = 6 + a. What is the units digit of o?
1
Suppose 0 = 2*w + h + 3*h - 30, 3*w - 4*h - 65 = 0. Suppose -2*b + w = -95. Let l = -33 + b. What is the tens digit of l?
2
Let h = 37 - -44. Suppose 2*w - 4*w = -4*a - 56, -5*a - h = -3*w. Suppose -w = -2*m + 28. What is the tens digit of m?
2
Let x = 27 + -19. Let b(o) = x - 11*o + 5 - 14. What is the tens digit of b(-1)?
1
What is the thousands digit of (-50)/(2152/(-536) - -4)?
3
Let s = -8031 + 11313. What is the units digit of s?
2
Suppose -2*c = -3*c - 18. Suppose -4*j = 13 + 3. Let l = j - c. What is the tens digit of l?
1
Let t be (2*-1)/(-2) - 1. Let x = -112 - -117. Suppose -5*c + x = -t. What is the units digit of c?
1
Let q(u) = -41*u - 297. What is the tens digit of q(-21)?
6
Let j(o) = 8*o - 54. What is the tens digit of j(14)?
5
Let p be (-5)/15 - 20/(-6). Suppose -4 = -2*h - p*j - 1, 0 = -h - 4*j - 6. Suppose 10 + h = 2*x. What is the units digit of x?
8
Let b be (6*-1)/((-1)/6). Suppose 4*t + 264 = 16*t. Let l = b - t. What is the tens digit of l?
1
Suppose -2*h + 1413 = -3*r, -11 - 4 = 3*r. What is the units digit of h?
9
Let x(f) = -26*f**3 - 10*f**2 + 5*f + 21. What is the units digit of x(-4)?
5
Let n = 1063 + 122. Suppose 0 = -4*x - 12, -n = -0*q + 5*q - 5*x. What is the units digit of (-137)/(-15) - (-32)/q?
9
Let r be (2/(-7))/((-6)/42). Let b(c) = 84*c. Let x be b(r). Suppose 5*h - x = 2*h. What is the units digit of h?
6
Let i(h) = -h**2 + 8*h + 23. Let w be i(10). What is the tens digit of 115 - w - (-4 + 3)?
1
Let i = 1395 + 255. What is the hundreds digit of i?
6
Let y(x) = 27*x - 4. Let h be y(1). Let c = 70 - h. What is the tens digit of c?
4
Let y(i) = 4*i + 0*i + i**3 - i**2 - 2 - 4*i**2. Let q be y(3). Let g(m) = -5*m - 12. What is the units digit of g(q)?
8
Let y(u) = 684*u**3 + 31*u - 65. What is the thousands digit of y(2)?
5
Let h(z) = -6*z**2. Let b = 1 - 2. Let l be h(b). What is the units digit of 4/l + (-11)/(-3)?
3
Suppose 4*z + 0 = 12. Let l be -3 - (z - 37)*3. Suppose -4*o - s + l = -60, -s + 3 = 0. What is the tens digit of o?
3
Let g be 1*(-9)/(6/2). What is the hundreds digit of 1/g + 1191/9?
1
Suppose -28*t + 25*t + 443 = -l, -4*t = 2*l - 574. What is the hundreds digit of t?
1
What is the hundreds digit of (2/(-5))/(74/(-73445))?
3
Let c(h) = -h**2 + 16*h - 1. Let u be c(8). Let s = u + -34. Suppose -4*t + 5*y + 12 = -s, -5*y = 25. What is the units digit of t?
4
Let d be 210/(-7)*(1 + -8). Suppose 0 = 2*f - v + 99, 3*v + 13 = -4*f - d. Let o = -28 - f. What is the units digit of o?
4
Let g(q) = -6*q**2 + 1 - 2*q**3 + 2 + 6*q + 3*q**3. Suppose -3*a - 3*a = -30. What is the units digit of g(a)?
8
Let p(j) = -3*j**2 - 11*j - 1. Let a be p(-3). Suppose 110 = a*g - 455. What is the hundreds digit of g?
1
Let z = -51 - -58. Let v(y) = 4*y**2 + y - 46. What is the units digit of v(z)?
7
Suppose 4*a + 3*d - 7417 = 0, 8 = 2*d + 2. What is the hundreds digit of a?
8
Let w = -13 + 15. Suppose f = 2*f - w. Suppose z - 24 = -f*z. What is the units digit of z?
8
Let m(s) = 2*s**2 - 6*s + 101. What is the tens digit of m(10)?
4
Suppose 16 = -13*q + 692. Let k = -4 + 3. Let s = k + q. What is the units digit of s?
1
Suppose b = 16 + 8. Suppose b = 2*v + v. Suppose 0 = -w + 5 + v. What is the tens digit of w?
1
Let t(n) = n**2 + 7*n - 3. Let a(b) = b**2 + 7*b - 2. Let v(s) = -6*a(s) + 7*t(s). Let k be v(-9). What is the units digit of k - ((-12)/(-3))/4?
8
What is the units digit of 641 - ((-3)/4 - (-30)/(-120))?
2
What is the hundreds digit of (124/(-186))/(2/(-4410))?
4
Let c be (1188/42)/((-1)/(-7)). Let b = c + 2. What is the hundreds digit of b?
2
Let j = 205 - 180. What is the tens digit of j?
2
What is the units digit of ((-39)/(-2))/((-27)/(-54))?
9
Suppose 2*r - 5 = 3*l + 25, -4*l = -r + 10. Let o be (-2)/r - (-6486)/54. Let v = o - 66. What is the units digit of v?
4
Suppose -4*s + 2*b + 1086 = 0, -3*b - 2*b = 5. What is the hundreds digit of s?
2
Let s(r) = 14*r**2 + r + 1. Let a(g) = -g + 1. Let t = 14 - 12. Let o be a(t). What is the units digit of s(o)?
4
Suppose -94*d = -91*d - 300. What is the tens digit of d?
0
Let i be (-27)/(-5) - 42/(-70). Let y(a) = a**2 + 4*a - 13. What is the tens digit of y(i)?
4
Suppose -72*o + 75*o = -3*w + 4152, 0 = 3*o - 6. What is the hundreds digit of w?
3
Let q(l) = l**3 - 15*l**2 + 3*l - 5. Let r be q(15). Suppose 2*p - 5*o - r = 0, o + o = -4*p + 56. What is the tens digit of 1960/75 - 2/p?
2
Let k = 316 - -1638. What is the thousands digit of k?
1
Let d(s) = s + 7. Let f be d(-4). What is the units digit of 4/(((-6)/(-34))/f)?
8
Let p(q) = -q**3 + 4*q**2 + 8*q - 10. Let y be p(5). Suppose y*g + 204 = 9*g. What is the units digit of g?
1
Let v = 2729 + -1131. What is the hundreds digit of v?
5
Suppose 24570 = 144*u - 109*u. What is the hundreds digit of u?
7
Let s = 547 + -322. Let w = s + -523. What is the tens digit of w/(-14) - 16/56?
2
Let x(z) = 390*z - 226. What is the thousands digit of x(7)?
2
Suppose -1550 - 3955 = -5*j. What is the hundreds digit of j?
1
Suppose 3*z = -418 + 3157. What is the tens digit of z?
1
Suppose 3*q = 9*q - 2*q. Suppose q = -4*d + 3 + 429. What is the hundreds digit of d?
1
Let z = -7 + 2. Let m(t) = -t**3 - 4*t**2 - 3*t + 6. Let v be m(z). Let g = v - 3. What is the tens digit of g?
4
Suppose -2*b + g = -961, 11*g - 2385 = -5*b + 10*g. What is the tens digit of b?
7
Suppose -4*f + 69 = 3*u - 25, -4*u = -3*f + 58. What is the units digit of (-34 - 0)/((-4)/f)?
7
Let a(h) = h**3 - 4*h**2 - 10*h + 6. Let o be a(-5). Let s = 306 + o. What is the hundreds digit of s?
1
Suppose -5*m + 137 + 193 = 0. Suppose -3*p - m = -5*p. What is the tens digit of p?
3
Let m(a) = -a**3 + 9*a**2 - 2*a + 17. Suppose -12 = -3*s, -5*v + 46 = 4*s - 10. What is the tens digit of m(v)?
6
Let w(u) = -2*u**2 - 4*u - 5 + 3 + 1. Let z be w(-4). Let q = 0 - z. What is the tens digit of q?
1
Let o = 4144 + -75. What is the units digit of o?
9
Let q be (-3)/(-5) + 7034/10. Let l be q/14 + 6/(-21). Suppose 3*a = 5*d - 67, 3*d - 4*a - l = -1. What is the units digit of d?
1
What is the units digit of (-6)/1 - (-15487 + 4)/13?
5
Let j = -20 + 30. Let r(y) = 3*y + 26. What is the tens digit of r(j)?
5
Suppose 4*w - 32 - 76 = 0. Let h = 156 - w. What is the tens digit of h?
2
Suppose 0 = -h + 4*h + 4*c + 7, 5*h + 4*c + 1 = 0. Suppose -5